?
False
Is 2516672 a multiple of 64?
True
Is 188 a factor of 421885?
False
Does 887 divide 6101673?
True
Does 2039 divide 18132827?
True
Is 308112 a multiple of 21?
True
Is 415785 a multiple of 6?
False
Is 159736 a multiple of 82?
True
Does 129 divide 444276?
True
Does 28 divide 7691638?
False
Does 221 divide 677300?
False
Is 1371196 a multiple of 26?
False
Is 685080 a multiple of 22?
True
Is 1438434 a multiple of 314?
True
Does 161 divide 80339?
True
Is 1318 a factor of 133118?
True
Is 1192095 a multiple of 732?
False
Is 165 a factor of 2533400?
False
Is 530204 a multiple of 6?
False
Is 274353 a multiple of 29?
False
Is 35 a factor of 56256?
False
Is 4103141 a multiple of 12?
False
Is 328679 a multiple of 17?
False
Is 28502 a multiple of 394?
False
Does 6 divide 6739128?
True
Is 389 a factor of 56663?
False
Is 281269 a multiple of 15?
False
Does 201 divide 44220?
True
Is 90423 a multiple of 88?
False
Is 27 a factor of 23301?
True
Is 152004 a multiple of 22?
False
Is 699432 a multiple of 772?
True
Is 12089302 a multiple of 179?
True
Is 8 a factor of 715007?
False
Does 32 divide 61287?
False
Is 11 a factor of 939928?
True
Is 324949 a multiple of 23?
False
Is 39 a factor of 98435?
False
Does 14 divide 10549133?
False
Is 27354 a multiple of 2?
True
Is 128261 a multiple of 251?
True
Does 9 divide 13631?
False
Does 10 divide 1408384?
False
Does 3 divide 202677?
True
Is 498479 a multiple of 268?
False
Is 18738 even?
True
Is 50735 a multiple of 2?
False
Is 6733717 a multiple of 17?
True
Is 832 a factor of 1373122?
False
Is 120 a factor of 248722?
False
Is 90 a factor of 5148270?
True
Does 134 divide 1223849?
False
Does 171 divide 494301?
False
Does 9 divide 4164?
False
Is 209484 a multiple of 529?
True
Is 74 a factor of 203278?
True
Does 570 divide 4685445?
False
Is 2231408 a multiple of 89?
True
Does 20 divide 450595?
False
Is 608508 a multiple of 12?
True
Does 92 divide 3017416?
True
Is 34 a factor of 3531661?
False
Is 48728 a multiple of 24?
False
Is 37 a factor of 201158?
False
Is 1950315 a multiple of 64?
False
Is 382 a factor of 2616165?
False
Is 4394810 a multiple of 14?
True
Is 464 a factor of 15954496?
False
Does 688 divide 698342?
False
Is 3 a factor of 2784?
True
Is 329 a factor of 161323?
False
Is 544887 a multiple of 31?
True
Is 22 a factor of 100518?
True
Is 928 a multiple of 32?
True
Is 487 a factor of 5453561?
False
Is 612990 a multiple of 294?
True
Is 115720 a multiple of 10?
True
Is 13 a factor of 22316?
False
Is 15 a factor of 622117?
False
Is 3 a factor of 2586866?
False
Does 17 divide 404430?
True
Does 53 divide 3929632?
True
Is 59 a factor of 154167?
True
Is 428949 even?
False
Is 371 a factor of 21287?
False
Is 180 a factor of 775711?
False
Is 18 a factor of 497834?
False
Does 22 divide 275837?
False
Is 49 a factor of 768466?
False
Does 23 divide 393737?
True
Is 5 a factor of 11180789?
False
Does 15 divide 414789?
False
Is 3129232 a multiple of 514?
True
Is 14 a factor of 406028?
True
Does 50 divide 63124?
False
Is 1639442 a multiple of 14?
True
Is 645 a factor of 152607?
False
Is 1834542 a multiple of 318?
True
Does 106 divide 15688?
True
Is 376 a factor of 168072?
True
Is 13 a factor of 36686?
True
Is 6 a factor of 148524?
True
Is 748323 a multiple of 73?
True
Is 464 a factor of 416208?
True
Does 297 divide 19899?
True
Is 4 a factor of 308506?
False
Is 67 a factor of 513957?
True
Does 5 divide 311980?
True
Is 90 a factor of 1921770?
True
Is 1083240 a multiple of 72?
True
Does 38 divide 16606?
True
Is 223970 a multiple of 10?
True
Is 7644 a multiple of 84?
True
Is 122570 a multiple of 206?
True
Is 22 a factor of 451462?
True
Is 841464 a multiple of 936?
True
Is 137968 a multiple of 8?
True
Is 9 a factor of 89974?
False
Does 24 divide 85279?
False
Is 63 a factor of 156492?
True
Is 230067 a multiple of 22?
False
Is 8 a factor of 43359?
False
Does 18 divide 6505245?
False
Is 278823 a multiple of 182?
False
Is 984095 a multiple of 11?
False
Does 1235 divide 10470330?
True
Is 6 a factor of 50502?
True
Is 223257 a multiple of 235?
False
Is 367 a factor of 515268?
True
Is 62 a factor of 6728485?
False
Does 23 divide 32146678?
False
Is 8 a factor of 200728?
True
Does 2 divide 398281?
False
Is 33785 a multiple of 29?
True
Is 3 a factor of 536397?
True
Is 88 a factor of 1772232?
True
Does 99 divide 326290?
False
Does 76 divide 367384?
True
Does 362 divide 12910368?
True
Does 194 divide 382762?
True
Is 211800 a multiple of 34?
False
Is 159 a factor of 258279?
False
Is 47 a factor of 69701?
True
Is 309590 a multiple of 20?
False
Is 11 a factor of 5304?
False
Does 151 divide 211881?
False
Is 168919 a multiple of 15?
False
Is 237495 a multiple of 71?
True
Is 4194888 a multiple of 631?
True
Is 917 a factor of 3006810?
False
Is 345248 a multiple of 7?
False
Is 31 a factor of 3938209?
True
Is 430 a factor of 41690139?
False
Does 60 divide 68200?
False
Does 52 divide 3921297?
False
Does 2 divide 23245?
False
Is 15 a factor of 331950?
True
Is 388604 a multiple of 36?
False
Is 199 a factor of 12135084?
False
Does 29 divide 108953?
True
Is 9 a factor of 1701818?
False
Does 13 divide 5421169?
True
Is 29 a factor of 4222980?
True
Does 100 divide 311196?
False
Does 3 divide 27204?
True
Is 94966 a multiple of 36?
False
Does 298 divide 2223661?
False
Is 174841 a multiple of 29?
True
Does 144 divide 3209328?
True
Does 237 divide 608379?
True
Does 158 divide 795771?
False
Is 11 a factor of 395698?
False
Does 48 divide 986433?
False
Does 69 divide 75366?
False
Is 19 a factor of 447038?
False
Does 25 divide 51100?
True
Is 915775 a multiple of 25?
True
Is 29 a factor of 741593?
False
Is 451 a factor of 383801?
True
Is 18068961 a multiple of 131?
True
Is 166152 a multiple of 138?
True
Is 3 a factor of 3022213?
False
Is 809010 a multiple of 90?
True
Is 148 a factor of 5598248?
True
Does 109 divide 93834?
False
Does 14 divide 1325917?
False
Is 713644 a multiple of 92?
True
Is 33 a factor of 45070?
False
Is 341696 a multiple of 8?
True
Is 351320 a multiple of 11?
False
Does 351 divide 3934008?
True
Is 16 a factor of 7664?
True
Is 80840 a multiple of 215?
True
Does 5 divide 14545?
True
Is 17 a factor of 99250?
False
Is 19329408 a multiple of 48?
True
Is 1528604 a multiple of 1657?
False
Is 154180 a multiple of 260?
True
Is 20 a factor of 630891?
False
Does 81 divide 1295679?
False
Is 199 a factor of 245168?
True
Does 4 divide 616693?
False
Does 38 divide 1003732?
True
Is 262656 a multiple of 9?
True
Does 42 divide 8016330?
True
Is 132 a factor of 63746?
False
Is 14060 a multiple of 95?
True
Is 184 a factor of 136848?
False
Does 9 divide 25885?
False
Does 3 divide 30873?
True
Is 327242 a multiple of 22?
False
Is 117785 a multiple of 53?
False
Does 7 divide 2915059?
True
Is 451 a factor of 92196?
False
Is 6 a factor of 8755?
False
Does 20 divide 1804523?
False
Does 550 divide 361686?
False
Does 35 divide 24115?
True
Is 1558514 a multiple of 32?
False
Does 3 divide 32964?
True
Does 22 divide 30184?
True
Is 712 a factor of 6627296?
True
Is 772997 a multiple of 73?
True
Is 26 a factor of 15966101?
False
Does 29 divide 857124?
True
Is 19 a factor of 516097?
True
Does 588 divide 471239?
False
Is 812 a multiple of 3?
False
Is 59 a factor of 551541?
False
Does 189 divide 2001321?
True
Is 3 a factor of 8094?
True
Is 78166 a multiple of 11?
True
Does 3 divide 2249406?
True
Is 516 a factor of 13224048?
True
Is 6501981 a multiple of 200?
False
Is 1741844 a multiple of 38?
True
Is 36 a factor of 5825988?
True
Does 235 divide 159156?
False
Does 7 divide 216125?
True
Is 3193230 a multiple of 651?
False
Is 13 a factor of 129012?
True
Does 352 divide 16544?
True
Is 2058828 a multiple of 12?
True
Is 75677 a multiple of 42?
False
Is 10 a factor of 255913?
False
Is 1728 a factor of 2180041?
False
Is 23 a factor of 28787?
False
Is 189 a factor of 2072952?
True
Does 19 divide 429073?
False
Does 26 divide 27567?
False
Does 83 divide 37433?
True
Is 5 a factor of 168007?
False
Does 126 divide 889791?
False
Does 100 divide 1095400?
True
Does 11 divide 62836?
False
Is 103030 a multiple of 16?
False
Is 44 a factor of 127072?
True
Does 42 divide 172158?
True
Does 28 divide 25592?
True
Does 9 divide 315657?
True
Is 85981 a multiple of 52?
False
Is 10078365 a multiple of 55?
True
Does 156 